er when 1406406 is divided by 3342?
2766
Calculate the remainder when 230495911 is divided by 124.
123
Calculate the remainder when 48161 is divided by 11001.
4157
Calculate the remainder when 11387925 is divided by 437997.
3
Calculate the remainder when 932319 is divided by 2473.
2471
What is the remainder when 3195781 is divided by 108?
61
Calculate the remainder when 2491579 is divided by 298.
1
Calculate the remainder when 1806251 is divided by 1806242.
9
What is the remainder when 59975 is divided by 1764?
1763
What is the remainder when 557771 is divided by 25351?
49
What is the remainder when 38899 is divided by 2813?
2330
What is the remainder when 498891 is divided by 7402?
2957
What is the remainder when 5245952 is divided by 111616?
0
Calculate the remainder when 788949 is divided by 15.
9
What is the remainder when 5032097 is divided by 262?
125
Calculate the remainder when 1235150 is divided by 20238.
632
What is the remainder when 4162683 is divided by 223?
165
Calculate the remainder when 9985466 is divided by 5033.
5027
What is the remainder when 436591 is divided by 788?
39
What is the remainder when 468469 is divided by 93692?
9
What is the remainder when 26679 is divided by 948?
135
What is the remainder when 67478 is divided by 285?
218
Calculate the remainder when 38767 is divided by 1326.
313
Calculate the remainder when 31738 is divided by 791.
98
What is the remainder when 5337556 is divided by 51?
49
What is the remainder when 1996986 is divided by 665651?
33
Calculate the remainder when 10525994 is divided by 746.
680
Calculate the remainder when 95024373 is divided by 8.
5
Calculate the remainder when 544348657 is divided by 429.
424
Calculate the remainder when 1249046 is divided by 156109.
174
What is the remainder when 169837 is divided by 162?
61
What is the remainder when 38126 is divided by 1900?
126
What is the remainder when 569436 is divided by 163?
77
What is the remainder when 795441 is divided by 132526?
285
Calculate the remainder when 225166 is divided by 2049.
1825
What is the remainder when 288598 is divided by 144272?
54
Calculate the remainder when 164807 is divided by 27434.
203
Calculate the remainder when 3184474 is divided by 227456.
90
What is the remainder when 2193448 is divided by 1052?
28
What is the remainder when 1639577 is divided by 1985?
1952
What is the remainder when 29877650 is divided by 17?
14
Calculate the remainder when 299488 is divided by 338.
20
What is the remainder when 84550 is divided by 20925?
850
Calculate the remainder when 188811 is divided by 3821.
1582
Calculate the remainder when 435966 is divided by 440.
366
What is the remainder when 539676 is divided by 16863?
60
Calculate the remainder when 145232673 is divided by 31.
29
What is the remainder when 496264 is divided by 2341?
2313
Calculate the remainder when 564811 is divided by 11073.
88
Calculate the remainder when 6830041 is divided by 1612.
1609
Calculate the remainder when 1149102 is divided by 210.
192
What is the remainder when 49390 is divided by 24477?
436
What is the remainder when 3653555 is divided by 294?
17
What is the remainder when 11510047 is divided by 422?
419
What is the remainder when 2103 is divided by 98?
45
Calculate the remainder when 122647893 is divided by 655871.
16
Calculate the remainder when 27035352 is divided by 533.
526
What is the remainder when 167308 is divided by 575?
558
Calculate the remainder when 1427913 is divided by 53.
40
What is the remainder when 848211 is divided by 1786?
1647
What is the remainder when 4013862 is divided by 55748?
6
What is the remainder when 611370 is divided by 3325?
2895
What is the remainder when 82686 is divided by 570?
36
Calculate the remainder when 38870089 is divided by 2.
1
What is the remainder when 2044996 is divided by 3369?
13
Calculate the remainder when 1043490 is divided by 149052.
126
Calculate the remainder when 1125888 is divided by 187648.
0
What is the remainder when 47577411 is divided by 9515480?
11
What is the remainder when 1653201 is divided by 5264?
305
Calculate the remainder when 13840411 is divided by 747.
742
Calculate the remainder when 414548 is divided by 323.
139
What is the remainder when 10530782 is divided by 1425?
32
What is the remainder when 113523834 is divided by 83?
3
What is the remainder when 12135 is divided by 4726?
2683
Calculate the remainder when 60797 is divided by 30299.
199
What is the remainder when 2025 is divided by 2016?
9
Calculate the remainder when 103721279 is divided by 260.
259
Calculate the remainder when 169690 is divided by 1749.
37
Calculate the remainder when 47452 is divided by 3342.
664
What is the remainder when 28590722 is divided by 1315?
1307
What is the remainder when 12338 is divided by 1965?
548
What is the remainder when 3097575 is divided by 371?
96
Calculate the remainder when 22662711 is divided by 1051.
1049
Calculate the remainder when 707524 is divided by 660.
4
Calculate the remainder when 872519 is divided by 7435.
2624
Calculate the remainder when 1236272 is divided by 228.
56
What is the remainder when 65928059 is divided by 2018?
2017
Calculate the remainder when 234400 is divided by 57.
16
Calculate the remainder when 1187521 is divided by 197919.
7
Calculate the remainder when 176079 is divided by 1413.
867
Calculate the remainder when 51504312 is divided by 3635.
3632
Calculate the remainder when 11528943 is divided by 2305787.
8
What is the remainder when 22041 is divided by 38?
1
Calculate the remainder when 30153733 is divided by 298.
7
What is the remainder when 1320219 is divided by 6?
3
What is the remainder when 2525057 is divided by 1402?
55
What is the remainder when 31275 is divided by 3775?
1075
Calculate the remainder when 4021773 is divided by 58.
53
What is the remainder when 127613 is divided by 14179?
2
Calculate the remainder when 106026 is divided by 4854.
4092
What is the remainder when 451282 is divided by 21489?
13
Calculate the remainder when 720790 is divided by 240022.
724
Calculate the remainder when 3286781 is divided by 1095072.
1565
Calculate the remainder when 65121606 is divided by 7308.
18
Calculate the remainder when 357047 is divided by 25501.
33
What is the remainder when 801405 is divided by 244?
109
What is the remainder when 4863220 is divided by 2010?
1030
Calculate the remainder when 289759 is divided by 88.
63
What is the remainder when 2573672 is divided by 2573394?
278
What is the remainder when 3490961 is divided by 17900?
461
What is the remainder when 3437112 is divided by 31?
18
Calculate the remainder when 531561 is divided by 88592.
9
Calculate the remainder when 92205916 is divided by 50.
16
Calculate the remainder when 2519762 is divided by 179982.
14
What is the remainder when 123002346 is divided by 3762?
3756
Calculate the remainder when 6921857 is divided by 2292.
17
Calculate the remainder when 651625 is divided by 332.
241
What is the remainder when 215988 is divided by 232?
228
What is the remainder when 22817150 is divided by 213244?
42
Calculate the remainder when 117150064 is divided by 1835.
1829
Calculate the remainder when 255250 is divided by 658.
604
Calculate the remainder when 1392344 is divided by 879.
8
What is the remainder when 9836490 is divided by 228755?
25
What is the remainder when 740218 is divided by 4024?
3826
Calculate the remainder when 32430 is divided by 14541.
3348
Calculate the remainder when 127412529 is divided by 6.
3
What is the remainder when 152740 is divided by 2848?
1796
What is the remainder when 438697 is divided by 87428?
1557
What is the remainder when 4358394 is divided by 744?
42
What is the remainder when 1510159 is divided by 251693?
1
What is the remainder when 1484336 is divided by 49?
28
What is the remainder when 1272046 is divided by 1271803?
243
Calculate the remainder when 3531523 is divided by 725.
48
What is the remainder when 41451540 is divided by 4265?
5
Calculate the remainder when 3794939 is divided by 474367.
3
What is the remainder when 7249821 is divided by 9797?
41
Calculate the remainder when 234332 is divided by 1681.
673
What is the remainder when 246583453 is divided by 127?
126
Calculate the remainder when 8202880 is divided by 